. What is the highest common divisor of t and o?
11
Suppose -5*q + 285 = -2*q. Calculate the highest common factor of 38 and q.
19
Let l = 3 - 39. Let h(z) = -34*z. Let c be h(-2). Let k = c + l. Calculate the greatest common factor of 4 and k.
4
Let l be 0 + (5 - (0 + 1)). Let v be 1/2*l*1. Let p(o) = -o + 11. Let n be p(5). What is the highest common divisor of n and v?
2
Let o be (30/(-25))/((-2)/(-5)). Let p be -18*(3 + 14/o). Calculate the highest common divisor of p and 5.
5
Let i be (-15)/10*(0 + 38). Let j be 1*(i - -2)*-2. Let w(s) = -s**3 - 4*s**2 + 9*s + 4. Let k be w(-6). Calculate the highest common divisor of j and k.
22
Suppose 0 = 3*y + 4*p - 0*p - 449, 4*p + 580 = 4*y. Calculate the greatest common divisor of 21 and y.
21
Let b = 92 + -38. What is the greatest common divisor of 6 and b?
6
Suppose -1 = t, 2*l - 4*t = -2*l + 68. Suppose -2*v + 5 = -i, 0*v - v - 4*i = -l. What is the greatest common factor of 1 and v?
1
Let x be 174/21 + 4/(-14). Let s(w) = w**2 - 10*w + 2. Let q be s(10). Suppose -4 = -2*y - q. What is the highest common divisor of x and y?
1
Let b(p) = -11*p - 1. Let q(m) = -m**3 + 10*m**2 - 10*m + 7. Let l be q(9). Let f be b(l). Calculate the greatest common factor of 84 and f.
21
Suppose -3*m = -27 - 15. What is the greatest common divisor of m and 126?
14
Suppose 0*l = l + 5*s - 20, 2*l - 40 = s. Calculate the highest common factor of l and 40.
20
Let f = -11 + 15. Suppose -2*z - 2*z - 3 = -5*c, 0 = f*c + 2*z - 18. Suppose 0 = c*w - 5*w + 80. What is the greatest common divisor of 4 and w?
4
Suppose y = -3*q - 3 + 1, 5*y + 10 = 3*q. Suppose q = -0*x - 4*x. Suppose -j = -x*j - 5. Calculate the greatest common divisor of 15 and j.
5
Let w = 143 + -98. Let v be (-1 - 5)*(-2)/3. Suppose -g + 0*d = -v*d - 5, -5*g + 25 = -4*d. Calculate the highest common divisor of w and g.
5
Let c be (6/(-12))/(2/(-4))*27. Calculate the highest common divisor of 216 and c.
27
Let r be (-10)/(2*-1)*1. Let a(l) = 2*l**2 + 15*l + 18. Let z be a(-9). What is the greatest common factor of z and r?
5
Suppose 3*o = 4*d + d + 45, -2*d + o = 17. Let t be 1/d - (-1981)/6. What is the highest common factor of t and 30?
30
Suppose -77 = -2*v - 4*c + 13, 4*c - 255 = -5*v. Suppose x - 30 - v = 0. Calculate the greatest common factor of x and 17.
17
Let t(x) = -9*x**3 + x + 1. Let o be t(-1). Let f(d) = 19*d**2 + 2*d + 1. Let r be f(-1). What is the highest common divisor of r and o?
9
Let z be (((-12)/8)/(-1))/((-9)/(-12)). What is the greatest common divisor of z and 2?
2
Suppose -3*n - 155 = -k, 4*k + 4*n - 870 = -k. Calculate the highest common divisor of 34 and k.
34
Suppose 2*j - 5*t = 55, -5*j - 3*t + 97 = -2*t. Let g be ((-5)/(-1))/(6/60). Calculate the greatest common factor of g and j.
10
Let h be (1/2)/(4/32). Calculate the greatest common factor of 6 and h.
2
Let q = 47 + -26. Calculate the greatest common divisor of q and 3.
3
Let v(o) = o**2 + 4. Let m be (-4)/(-8) + (-22)/(-4). Let x be v(m). Suppose 5*j - 65 - x = 0. Calculate the highest common divisor of 14 and j.
7
Suppose k = 5*k - w - 286, -3*k + 206 = -5*w. Calculate the greatest common divisor of 180 and k.
36
Let n(t) = t**3 + t**2 - 4. Let m be n(3). Let s(c) = -5*c + 2 + 3*c + c**2 - 7*c + 14. Let f be s(9). What is the greatest common divisor of f and m?
16
Suppose 0 = -r + 20 - 2. What is the highest common factor of 144 and r?
18
Let c = 34 - -44. Suppose l + c = -l. Let v be 2*l/15*-5. Calculate the greatest common divisor of 39 and v.
13
Let i = -2 + 4. Suppose 4*l - 4*f - 56 = -16, 3*l = i*f + 35. Suppose 6*x = 8*x - 210. What is the highest common divisor of l and x?
15
Let m(a) = 4*a - 5. Suppose -2*c - 10 = 3*u, -c = -5*u + 3*c + 20. Suppose u = 8*z - 3*z - 25. Let j be m(z). What is the highest common divisor of 3 and j?
3
Let z = 35 - 10. Let p = 9 + -8. Let s(j) = 5*j**3 + j**2 - 1. Let r be s(p). Calculate the highest common divisor of r and z.
5
Suppose h = 3*z - 9, -3 = 3*h + 6. Suppose 10 = -2*b - z*c - c, b - 3*c - 13 = 0. Suppose -2 = -s - 1. What is the highest common divisor of s and b?
1
Suppose -2*w + g = 3 - 12, -4*g - 18 = -2*w. Let h = 4 - 2. Suppose 4*l = -w*n + h*n, 2*l + 2 = 0. What is the highest common factor of n and 10?
2
Let h(b) = -2*b**3 + 6*b**2 - 2*b + 5. Let r be h(4). Let s = 5 - r. Calculate the greatest common divisor of 8 and s.
8
Suppose 35 = 3*x - 82. Let i be 1/((-3)/39*-1). Calculate the highest common divisor of x and i.
13
Let j(b) = -b**3 - 3*b**2 + 8*b + 12. Let m be j(-5). Calculate the greatest common divisor of m and 88.
22
Suppose 4*m + 65 = 25. Let v = -7 - m. Calculate the highest common factor of 9 and v.
3
Suppose -3*n + 2*t = -19, -3*n + 7*n + 5*t = -13. Let r = -2 + n. What is the highest common divisor of r and 5?
1
Suppose 4*v + 187 = 7*t - 2*t, 4*v = -3*t + 125. Let h be (-1 - -2) + (-1 - -1). Let u be 1 - -27 - 2/h. What is the highest common factor of t and u?
13
Let t = 6 - 9. Let w(z) = z**3 + 4*z**2 + 2. Let o be w(t). Suppose 0 = -0*c + c - 4*s - 71, 224 = 4*c - s. What is the highest common factor of c and o?
11
Suppose 16 = -0*a + 2*a. Let d(k) = 37*k - 41. Let b(q) = 25*q - 27. Let s(o) = 8*b(o) - 5*d(o). Let i be s(5). Calculate the greatest common factor of i and a.
8
Let s be 526/4 - (-21)/(-14). What is the greatest common factor of 52 and s?
26
Let p(z) = -2*z - 1. Let r be p(-2). Let y be ((-4)/2)/(r/(-6)). What is the greatest common factor of 1 and y?
1
Let y = -64 - -73. What is the greatest common divisor of 9 and y?
9
Suppose 0 = b, 0*b - 3*b = 5*a - 560. Calculate the greatest common divisor of a and 28.
28
Let d = 43 + 29. Calculate the greatest common factor of d and 8.
8
Suppose 0 = -5*u + 18 + 17. Let a = u - -2. What is the highest common divisor of a and 18?
9
Suppose 19 + 10 = l. What is the highest common factor of 29 and l?
29
Suppose -m + 2*d - 9 = 0, -3*m + 4*m = d - 4. Let b = 21 + -10. Calculate the greatest common factor of b and m.
1
Suppose 2*m = -0*m. Suppose -c + 2 = m, 3*i - 11 = -c + 12. Calculate the highest common factor of 14 and i.
7
Let j(d) = -6 - 2*d + d - d**2 + 0*d**2 + 11. Let y be j(0). Suppose -5*b + 126 = 26. Calculate the highest common factor of b and y.
5
Let c(r) = r**2 + 3*r + 9. Let o be c(6). What is the highest common factor of o and 9?
9
Suppose -5*t + 7 = 2. Let w = 11 - t. What is the greatest common factor of w and 25?
5
Let c be (-2)/(-12) - (-9736)/48. What is the highest common factor of c and 29?
29
Suppose -8*o + 144 = -0*o. Calculate the highest common divisor of 18 and o.
18
Let v(w) = -w**3 + 7*w**2 - 6*w - 7. Let t be v(6). Let b = -1 - t. Suppose b*d - d = 60. Calculate the highest common divisor of d and 96.
12
Suppose 5*q - 110 = 3*q. What is the highest common factor of q and 5?
5
Let m be 1 + 0 + (0 - (0 + 0)). Suppose -f = -3 + 4. Let n = 2 + f. Calculate the highest common factor of m and n.
1
Let t(o) = -o**2 - 5*o + 3. Let c be t(-5). Suppose 332 = -c*n + 4*n. Suppose 5*d + 2 = n. Calculate the highest common factor of 6 and d.
6
Suppose -5*g - 3*b + 124 = b, 5*b + 160 = 5*g. Calculate the highest common factor of g and 70.
14
Suppose 0*b + 2*b = 300. Let v be ((-36)/14)/((-15)/350). What is the highest common divisor of v and b?
30
Let l be 3/6*2*3. What is the greatest common divisor of l and 24?
3
Let s = -6 - -51. What is the highest common factor of 18 and s?
9
Suppose 2*t + 2*t + 5*j - 191 = 0, 5*t = j + 275. What is the highest common factor of 9 and t?
9
Let l = -9 - -12. What is the highest common divisor of l and 21?
3
Suppose 295 = 3*g + 5*y, g = -4*g + 3*y + 435. What is the highest common divisor of g and 18?
18
Suppose 3*y = 5*y + 4, -2*l - 4*y = -6. Let d = 9 - l. Let z(r) = 2*r**3 + 2. Let u be z(d). What is the highest common factor of 36 and u?
18
Let j(k) = 3*k**2 - k + 1. Let g be j(-2). Let w = -18 + 23. Calculate the highest common divisor of g and w.
5
Let k(q) = 6*q + 12. Let b be k(10). Calculate the greatest common factor of 9 and b.
9
Let s(u) = -u. Let h be s(-6). Let b(o) be the second derivative of o**4/3 - 2*o**3/3 - 4*o. Let k be b(3). Calculate the greatest common divisor of h and k.
6
Let q = 138 - -237. Suppose -4*i + q + 185 = 0. Calculate the highest common divisor of 20 and i.
20
